ands digit of 164880900?
0
What is the hundred thousands digit of 83075238?
0
What is the units digit of 12798284?
4
What is the units digit of 158143595?
5
What is the tens digit of 177116669?
6
What is the ten thousands digit of 746279804?
7
What is the hundreds digit of 416923606?
6
What is the ten millions digit of 121928029?
2
What is the hundred millions digit of 3092127491?
0
What is the tens digit of 167969959?
5
What is the hundred millions digit of 225354922?
2
What is the millions digit of 142332902?
2
What is the units digit of 3448838991?
1
What is the hundred millions digit of 141211579?
1
What is the ten thousands digit of 112330832?
3
What is the hundreds digit of 5918271437?
4
What is the millions digit of 985392403?
5
What is the millions digit of 91075226?
1
What is the tens digit of 14927792?
9
What is the thousands digit of 371898052?
8
What is the thousands digit of 26192665?
2
What is the tens digit of 38254181?
8
What is the hundred millions digit of 438024813?
4
What is the millions digit of 71541766?
1
What is the units digit of 5114179482?
2
What is the units digit of 230216056?
6
What is the millions digit of 45466658?
5
What is the hundred millions digit of 366110899?
3
What is the ten millions digit of 48447221?
4
What is the units digit of 2365508724?
4
What is the hundred thousands digit of 2475886326?
8
What is the millions digit of 4749130393?
9
What is the ten millions digit of 1010034366?
1
What is the units digit of 841068867?
7
What is the thousands digit of 226190559?
0
What is the ten thousands digit of 1464721240?
2
What is the hundreds digit of 106965306?
3
What is the ten thousands digit of 1801492771?
9
What is the ten thousands digit of 184232811?
3
What is the hundred thousands digit of 50352231?
3
What is the ten thousands digit of 18832437?
3
What is the tens digit of 3268930614?
1
What is the units digit of 1345108409?
9
What is the units digit of 2259320283?
3
What is the hundred millions digit of 1611238536?
6
What is the ten millions digit of 189107450?
8
What is the hundreds digit of 3627078?
0
What is the hundred millions digit of 1322548247?
3
What is the ten millions digit of 636285219?
3
What is the ten millions digit of 49498329?
4
What is the thousands digit of 1593651406?
1
What is the ten thousands digit of 72101606?
0
What is the hundred thousands digit of 32424929?
4
What is the hundreds digit of 1379750475?
4
What is the ten thousands digit of 36885835?
8
What is the units digit of 44199099?
9
What is the millions digit of 2234532474?
4
What is the millions digit of 21796575?
1
What is the ten thousands digit of 808855076?
5
What is the hundred millions digit of 4262396826?
2
What is the ten millions digit of 289375760?
8
What is the ten thousands digit of 557706594?
0
What is the hundred thousands digit of 252397423?
3
What is the ten thousands digit of 325982116?
8
What is the hundreds digit of 207315880?
8
What is the ten thousands digit of 2037087570?
8
What is the tens digit of 7774631?
3
What is the ten thousands digit of 4516603936?
0
What is the tens digit of 506312182?
8
What is the hundred thousands digit of 336621693?
6
What is the hundreds digit of 3261310392?
3
What is the hundred thousands digit of 16455387?
4
What is the hundred thousands digit of 56711722?
7
What is the millions digit of 1791005311?
1
What is the ten millions digit of 70503671?
7
What is the thousands digit of 40329795?
9
What is the tens digit of 16562333?
3
What is the units digit of 3617736?
6
What is the ten thousands digit of 2115106779?
0
What is the hundred thousands digit of 40273203?
2
What is the hundreds digit of 196444733?
7
What is the hundred thousands digit of 50590785?
5
What is the units digit of 105734649?
9
What is the hundred thousands digit of 66025478?
0
What is the ten millions digit of 486815223?
8
What is the ten thousands digit of 239144869?
4
What is the ten thousands digit of 48169498?
6
What is the hundreds digit of 2326267129?
1
What is the millions digit of 2459004146?
9
What is the ten thousands digit of 260732955?
3
What is the thousands digit of 41172830?
2
What is the hundred thousands digit of 26123072?
1
What is the tens digit of 119340933?
3
What is the hundred thousands digit of 2091235990?
2
What is the millions digit of 5989155388?
9
What is the units digit of 65183195?
5
What is the tens digit of 622862031?
3
What is the billions digit of 1367404272?
1
What is the thousands digit of 7901979?
1
What is the units digit of 324214137?
7
What is the ten thousands digit of 68625582?
2
What is the thousands digit of 85912046?
2
What is the hundreds digit of 282319132?
1
What is the hundred millions digit of 220355522?
2
What is the hundreds digit of 604384770?
7
What is the units digit of 57022296?
6
What is the hundred millions digit of 405624587?
4
What is the millions digit of 55546780?
5
What is the units digit of 5048968823?
3
What is the thousands digit of 488628744?
8
What is the ten millions digit of 58915537?
5
What is the hundred millions digit of 2571082401?
5
What is the hundreds digit of 531973562?
5
What is the hundred thousands digit of 77671647?
6
What is the ten thousands digit of 49388909?
8
What is the hundred thousands digit of 450853804?
8
What is the millions digit of 117837000?
7
What is the hundred thousands digit of 150993799?
9
What is the hundred thousands digit of 4775490533?
4
What is the millions digit of 18935923?
8
What is the hundred thousands digit of 7500904410?
9
What is the hundred thousands digit of 144990159?
9
What is the ten thousands digit of 782045276?
4
What is the millions digit of 400570962?
0
What is the hundreds digit of 6455639?
6
What is the units digit of 149284532?
2
What is the billions digit of 1678496168?
1
What is the hundreds digit of 64361744?
7
What is the thousands digit of 754091039?
1
What is the ten millions digit of 116860691?
1
What is the units digit of 78759903?
3
What is the units digit of 35773997?
7
What is the ten thousands digit of 3225911835?
1
What is the hundreds digit of 55191159?
1
What is the thousands digit of 154408311?
8
What is the units digit of 248591258?
8
What is the hundred millions digit of 264971174?
2
What is the hundreds digit of 40812615?
6
What is the millions digit of 8022808?
8
What is the thousands digit of 6072775582?
5
What is the millions digit of 7904980?
7
What is the thousands digit of 285305222?
5
What is the ten thousands digit of 2334575798?
7
What is the hundred millions digit of 133915498?
1
What is the units digit of 1364964415?
5
What is the ten millions digit of 54954467?
5
What is the millions digit of 205232215?
5
What is the hundred thousands digit of 383366636?
3
What is the thousands digit of 161265772?
5
What is the millions digit of 26755635?
6
What is the ten thousands digit of 50734006?
3
What is the hundreds digit of 28645551?
5
What is the units digit of 56508218?
8
What is the millions digit of 349330390?
9
What is the units digit of 10044963?
3
What is the hundreds digit of 3838723?
7
What is the thousands digit of 3742132678?
2
What is the tens digit of 7266344120?
2
What is the hundreds digit of 200088627?
6
What is the millions digit of 8505635?
8
What is the units digit of 21107977?
7
What is the thousands digit of 253852393?
2
What is the tens digit of 294307413?
1
What is the ten millions digit of 511368487?
1
What is the ten millions digit of 117725367?
1
What is the hundred millions digit of 103267010?
1
What is the ten millions digit of 14734543?
1
What is the hundred thousands digit of 323961321?
9
What is the thousands digit of 1229399948?
9
What is the hundreds digit of 1076757044?
0
What is the ten thousands digit of 16193368?
9
What is the millions digit of 1646448918?
6
What is the thousands digit of 1257912172?
2
What is the units digit of 83338248?
8
What is the ten thousands digit of 207087258?
8
What is the millions digit of 766005235?
6
What is the thousands digit of 21420045?
0
What is the ten millions digit of 364128568?
6
What is the thousands digit of 195909167?
9
What is the ten thousands digit of 798710911?
1
What is the ten thousands digit of 21549986?
4
What is the thousands digit of 2064188?
4
What is the ten 